 j(1)?
-12
Let s(g) be the first derivative of -g**4/2 + 2*g**3/3 + 2*g**2 - 2*g - 1044. Give s(3).
-26
Let v(x) = -x**2 + 4*x + 4. Let i be v(4). Let f(l) = 5*l**2 - 12*l - 5. Let c(b) = 11*b**2 - 26*b - 12. Let u(q) = -4*c(q) + 9*f(q). What is u(i)?
3
Let q(n) be the second derivative of -2*n + 1/3*n**3 + 2*n**2 + 0. Let c(r) = -r - 6. Let f be c(0). Calculate q(f).
-8
Let u(w) be the third derivative of 0 - 12*w**2 + 1/60*w**5 + 0*w + 5/24*w**4 + 1/3*w**3. Determine u(-3).
-4
Let b(t) = -2*t**2 + t - 1. Let v = 19 + -29. Suppose 0 = -f + n - 16, -2*n + 37 = -2*f + n. Let a = v - f. Give b(a).
-2
Let k(j) = j + 3. Let s(t) be the third derivative of -t**4/24 - t**3/3 + t**2. Let a(c) = 3*k(c) + 2*s(c). What is a(5)?
10
Let t(q) = q**3 + 13*q**2 - 4*q + 7. Let d(a) = a**3 + 9*a**2 - 3*a + 5. Let x(i) = -7*d(i) + 5*t(i). Let k be (-16)/(-4) - (1 + 5). Calculate x(k).
22
Let y = 189 + -194. Let k(c) = -c**3 - 5*c**2 - 4*c. Determine k(y).
20
Let f(n) = 8*n + 10 - 11 - n. Let l(v) = v - 2. Let q be l(4). Calculate f(q).
13
Let i = 10 - 16. Let p(y) be the third derivative of -y**7/5040 + y**6/720 - y**5/10 + 2*y**2. Let b(d) be the third derivative of p(d). Give b(i).
7
Let r(t) = -4*t - 6. Suppose 0 = 8*q + 10 + 22. Determine r(q).
10
Let k = 9 - 4. Let x(l) = 5*l**2 + 0*l - 1 + 3*l - 6*l**2 + 3. Let o(b) = b**2 - 2*b - 1. Let w(f) = -2*o(f) - 3*x(f). What is w(k)?
-4
Let c(v) be the first derivative of -v**4/4 - 5*v**3/3 + 3*v**2 - v + 6. Let a be (2 + 6/(-2))/((-5)/(-30)). Give c(a).
-1
Let y(n) be the third derivative of -n**5/60 - n**4/2 - 5*n**3/2 - 110*n**2. What is y(-10)?
5
Let m(u) be the third derivative of -2/3*u**3 + 2/15*u**5 + 0 + 0*u - 3*u**2 - 1/3*u**4 - 1/120*u**6. Determine m(7).
-11
Let s(p) = p**2 + 5*p + 5. Suppose 153 = 7*b - 106. Let c = b + -43. Determine s(c).
11
Let h(j) = 6*j - 2. Let o be 0 - (1 + (-1)/(-2)*-6). Determine h(o).
10
Let u be (13 - 3 - 6) + -1 + 2. Let d(i) = -i + 7. What is d(u)?
2
Suppose 7 + 6 = 4*t + 3*u, 4*u - 12 = -4*t. Let y(m) = 1 - t - m - 3. Suppose 0 = -9*a - 66 + 21. Calculate y(a).
-1
Let y(f) be the third derivative of f**4/24 - f**3/3 - f**2 + 131*f. Calculate y(-6).
-8
Let p(z) = z**3 - 1. Let k = -44 + 64. Suppose 5*u = -k, -3*t + u = -2*t - 1. Let x be (t/(-2))/(36/48). What is p(x)?
7
Let y(d) be the first derivative of -d**3/3 - 3*d**2/2 - 3*d - 93. Determine y(-4).
-7
Let s(g) = 4*g**2 - 12*g + 8. Let h(d) = 7*d**2 - 25*d + 13. Let q(a) = 3*h(a) - 5*s(a). Determine q(13).
-27
Suppose 0*p - 3*p - 52 = -5*q, -2*q + 10 = 0. Let l(r) = -11*r + 8*r**2 - 3*r**3 + 3*r + 4*r**3 - 25 + 23. Give l(p).
-11
Let b(o) = -o**3 + 27*o**2 - 73*o + 27. Let r be b(24). Let u(w) = 4*w - 11. Give u(r).
1
Let u be 6/6 - (-14)/2. Let d(f) = 4*f. Determine d(u).
32
Let k(h) be the second derivative of -32*h + 1/20*h**5 + 0 + 0*h**4 + 0*h**3 - 5/2*h**2. Calculate k(0).
-5
Let x(i) = i**3 + 7*i**2 - 8*i - 4. Let s be (20/30 - 14/3) + -4. Give x(s).
-4
Let w(y) be the second derivative of -y**6/720 + 13*y**5/120 - y**4/4 - 3*y. Let r(v) be the third derivative of w(v). Let t = -1392 - -1392. What is r(t)?
13
Let a(q) = q**2 - 7*q - 27. Let v(s) = s**2 - 8*s - 27. Let m(o) = 5*a(o) - 6*v(o). Let p be m(15). Let l(x) = x**3 + 4*x**2 + 3*x. Calculate l(p).
0
Let g = 246 + -238. Suppose -9*y = -2*h - g*y - 14, 0 = -3*h - y - 16. Let r(j) = 5*j**2 - 3 - 4*j + 1 + j**3 - 4*j. Give r(h).
10
Let d(m) be the first derivative of -m**4/4 - 7*m**3/3 + m**2/2 - m - 59. Give d(-7).
-8
Let x(p) = p + 9. Suppose -2*q = 7 + 9. Let t be x(q). Let i(a) be the first derivative of 2*a**2 - a + 142. What is i(t)?
3
Suppose 0 = -0*b + 3*b. Suppose b = i - 10. Suppose -4*y = 2*c - 4, -5*y + i = 4*c - 1. Let k(t) = -t**2 + 4*t - 4. What is k(c)?
-4
Let w(j) = 6*j**3 - 11*j**2 + 9*j + 5. Let o(q) = -3*q**3 + 5*q**2 - 4*q - 2. Let v(u) = 7*o(u) + 3*w(u). Calculate v(2).
-17
Let d be -2 - 3/((-12)/20). Suppose -3*v - 6 = 4*m, d*m - 1 = -2*v - 3*v. Let l be 4/(-4) + 0 - v. Let y(x) = -x + 1. What is y(l)?
4
Let s(k) = -234 + 11*k - k**2 - 239 + 458. Determine s(11).
-15
Let g(p) = -3*p**3 + p**2 - p - 1. Let a(s) = -s**3 - 3*s**2 + 5*s + 6. Let w be (-32)/(-24)*(-3 + 0). Let i be a(w). Calculate g(i).
-23
Let r be 2 - 0 - (-10)/10. Let h(u) = -u**2 + 4*u - 3. What is h(r)?
0
Let t(x) = 39 + 4*x**2 - 42 - 5*x**2 + 4*x. Calculate t(4).
-3
Let w(k) = k**2 - 11*k + 12. Let r(g) = -g**2 + 15*g + 9. Let n = 11 + 4. Let i be r(n). What is w(i)?
-6
Let n(y) = y**3 + 10*y**2 + 8*y - 10. Suppose 4*k - 2*b - 83 = -111, 2*b = -8. Calculate n(k).
-1
Let b(p) = 0*p + 59 + 6*p - 54 - p. Calculate b(-3).
-10
Let j(f) = -7 + 2*f - 20 - 9 + 4. Calculate j(10).
-12
Let j(k) = 2*k - 8. Suppose -29 = -f - 51. Let a be 18*(f/6 + 4). Calculate j(a).
4
Let d be (7/(140/24))/((-2)/10). Suppose 8 = f + 4. Let t(i) = 3 - i - 4 - f. Give t(d).
1
Let z(d) be the first derivative of -4*d**3 + d**2/2 - 27. Calculate z(1).
-11
Suppose 22*q + 21 = 25*q. Let z(x) = 5 - 14 + q + x**2 + 3*x. Let f be 10/(-4)*4/2. Calculate z(f).
8
Let l(t) = 8*t**2 - 5*t + 2. Suppose 5*p - 10 = -0*p. Let h(w) = 4*w**2 - 2*w + 1. Let n = -12 - -7. Let c(j) = n*h(j) + p*l(j). What is c(-1)?
-5
Let p(z) be the third derivative of -7*z**6/360 - 3*z**3 + 21*z**2. Let i(v) be the first derivative of p(v). Let h = 0 - 1. What is i(h)?
-7
Let l be (1 - -16)*1 - -2. Let x = l + -23. Let z(p) = p**2 + 7*p + 6. Give z(x).
-6
Let w(x) = -9*x**2 + x. Let v(y) = y**3 - 7*y**2 - 43*y - 10. Let q be v(11). Calculate w(q).
-8
Let n be (-4)/((22/(-110))/(1/5)). Let p(q) = -q**2 + q - 3. Give p(n).
-15
Let k(f) = -f**2 - 13*f + 4. Let q be (-12)/(-174) + (6822/174)/(-3). What is k(q)?
4
Let p(n) = -n. Let o = 232 + -238. Determine p(o).
6
Let q(r) = -r**2 - 2*r - 21. Let v be q(0). Let i = v - -26. Let k(w) = -w**2 + 6*w - 3. What is k(i)?
2
Let i(g) be the first derivative of -11*g**4/4 + g**3/3 - g + 7. Suppose -4*l - 5*s - 123 = 0, -l + 2*s - 4*s = 33. Let m = l - -26. Calculate i(m).
11
Let c(q) = q**2 + 8. Let j(n) = -n**2 + 3*n - 7. Let p(l) = -2*c(l) - 3*j(l). Let d = 13 - 7. Give p(d).
-13
Let u be (12 - 11)*28/(-1). Let t = 27 + u. Let p(o) = -6*o - 1. Give p(t).
5
Suppose 0 = 4*l + 2*t - 28, -2*t - 17 = -6*l + l. Let x(v) be the second derivative of 1/20*v**l + 1/3*v**3 + 1/4*v**4 - 7*v + 0 + v**2. Calculate x(-2).
2
Let i(t) = -2*t + 1. Let p be i(-1). Let w(s) = 2*s - 6 + 1 + p*s**2 + 4. Give w(2).
15
Let c(o) be the first derivative of o**6/360 - o**5/20 - 3*o**4/8 + 13*o**3/3 + 29. Let y(g) be the third derivative of c(g). Calculate y(7).
-2
Let y(n) be the first derivative of n**4/2 + n**3/3 - n**2/2 - n - 32. What is y(-2)?
-11
Let c(v) = -5*v**2 + 11*v - 1. Let b(o) = 9*o**2 - 21*o + 3. Let n(w) = -6*b(w) - 11*c(w). Suppose 2*r - 10 = -2*a - 3*a, 3*a = 5*r + 37. Calculate n(r).
-7
Suppose 9 = g - 1. Let x(y) = -21 + 16 + 7*y + y**2 + g. What is x(-7)?
5
Let v(n) = n + 2. Let x(u) = -2*u - 25. Let m(b) = -3*v(b) - x(b). What is m(17)?
2
Suppose 69*r + 21 = -2*u + 66*r, -20 = 5*u + r. Let k(i) be the third derivative of -i**4/24 - i**3/6 - i**2. Give k(u).
2
Let m be (-19)/3 - 4/6. Let i(w) be the third derivative of w**5/60 + 7*w**4/24 - 3*w**3/2 + w**2 + 23*w. Give i(m).
-9
Let v(n) = n**3 + 13*n**2 + n + 19. Let c(f) = 2*f + 23. Let y be c(-18). Let p be v(y). Let h(s) = s - 7. Calculate h(p).
-1
Suppose y - 3 + 10 = s, 11 = s - 3*y. Suppose -2*z = s*z + 35. Let c(r) = r + 3*r - 10 - 5*r. Calculate c(z).
-5
Let y(d) = -3*d. Let z(u) = u - u**3 + 4 - 3 + 12*u**2 - 11*u**2. Let o be z(-1). Calculate y(o).
-6
Let h(z) be the second derivative of -z**4/12 + z**3/3 - z**2 - z. Suppose 0 = 13*r - 9*r - 2*t - 14, 2*t = -5*r + 22. What is h(r)?
-10
Let m = -1327 - -1329. Let b(o) be the first derivative of 4*o - 1/2*o**m + 8. Determine b(0).
4
Suppose -5*a + 5 = -18*a - 8. Let r(f) = -1 + 0 + 0 + 7*f. Calculate r(a).
-8
Let i(z) = z**2 - 4*z + 4. Suppose 1 = 4*b - 27. Let r = 2 + b. Let m(n) = 2*n**2 - 8*n + 9. Let f(k) = r*i(k) - 4*m(k). Give f(3).
-3
Let i(d) = 3 + 2*d - 3*d + 3. Let t(z) = -z + 7. Let w(j) = 7*i(j) - 6*t(j). Calculate w(8).
-8
Let t = 26 + -21. Suppose 0 = 3*z - t - 4. Let j be (4 - 6)*1 + z. Let p(r) = 12*r. Determine p(j).
12
Let n = 5 - 10. Suppose 5*y - 6 = 4. Let t(g) 